00320
What is 10d6a (base 14) in base 15?
c273
Convert 370166 (base 8) to base 16.
1f076
What is -197bb84 (base 12) in base 14?
-a04aa0
Convert -3001405 (base 6) to base 11.
-96486
What is 95673 (base 12) in base 9?
328136
What is 1457174 (base 8) in base 9?
705512
-4552331 (base 7) to base 12
-2344ab
What is 2144204 (base 5) in base 16?
9235
Convert -41066221 (base 7) to base 15.
-47ac4d
3311423411 (base 5) to base 8
33167637
-3a4a2 (base 13) to base 3
-12111210002
What is 1010001010101000111 (base 2) in base 10?
333127
Convert -10010110111100111101 (base 2) to base 7.
-5153425
-c5c680 (base 14) to base 7
-110531520
What is -12425336 (base 8) in base 10?
-2763486
155300 (base 13) to base 2
10000000010100010110
What is 6396767 (base 10) in base 7?
105241316
What is 228d8 (base 16) in base 12?
69aa0
What is 3672182 (base 9) in base 6?
110441245
2cc9ee (base 15) to base 8
10214247
Convert 44a5a (base 11) to base 3.
10022101110
Convert 321779 (base 11) to base 5.
112432244
Convert -508a315 (base 11) to base 15.
-bc8467
a893a (base 12) to base 9
368221
391972 (base 13) to base 15
1c24e4
-2020076 (base 8) to base 7
-4345413
What is 3312211 (base 4) in base 8?
36645
146cb9 (base 14) to base 7
6016222
Convert 23af2b (base 16) to base 9.
4353857
-2134242 (base 5) to base 13
-139b6
-152124 (base 7) to base 16
-737d
What is 260746 (base 8) in base 14?
25034
What is -451222 (base 7) in base 9?
-131274
-4bd44 (base 15) to base 8
-731666
Convert 57034 (base 10) to base 6.
1120014
What is 92734 (base 11) in base 4?
201002103
Convert -7042767 (base 9) to base 4.
-32103021001
What is 7c944 (base 13) in base 11?
146223
What is -737736 (base 8) in base 11?
-158688
What is -21041 (base 13) in base 2?
-1110011111101100
Convert 1618688 (base 9) to base 11.
564225
What is -1a38e4 (base 15) in base 16?
-137f44
What is -111011111001000100 (base 2) in base 4?
-323321010
Convert -212147 (base 8) to base 3.
-10121001201
Convert a08537 (base 11) to base 14.
303071
-4d3b06 (base 14) to base 2
-1010001001101011101010
31c03 (base 13) to base 9
146301
What is -10111010011101100100010 (base 2) in base 6?
-334542550
What is -223222110 (base 4) in base 15?
-37ec6
What is 3760b (base 12) in base 7?
432116
24d62 (base 14) to base 15
1bbe7
What is 45245256 (base 8) in base 14?
142983c
Convert 6603666 (base 9) to base 4.
31201221021
Convert -111102102001 (base 3) to base 4.
-1000200010
What is -9b9ad (base 15) in base 7?
-4130653
Convert -100212341 (base 5) to base 10.
-397846
-112c4 (base 15) to base 12
-2774a
What is 3a0378 (base 11) in base 3?
1012000012202
Convert 11111011010101000 (base 2) to base 14.
34c76
Convert 11101000101110100 (base 2) to base 16.
1d174
326914 (base 10) to base 16
4fd02
Convert -122405150 (base 6) to base 11.
-1375996
Convert -22613122 (base 7) to base 11.
-1137720
27b33 (base 12) to base 16
d797
-57071 (base 11) to base 13
-2b79b
Convert 688a9 (base 14) to base 4.
332003111
Convert 6442120 (base 10) to base 11.
3700073
Convert 14970a0 (base 11) to base 5.
1123310321
What is 1615387 (base 11) in base 13?
758117
Convert -a1a78d (base 14) to base 8.
-24613731
What is -2331526 (base 9) in base 7?
-13501002
Convert 3035703 (base 8) to base 2.
11000011101111000011
-34754 (base 9) to base 4
-11222233
Convert -15537487 (base 9) to base 14.
-10602d2
-11101222001001 (base 3) to base 14
-44d4b6
-30020354 (base 6) to base 5
-203430132
What is -2023332000 (base 4) in base 2?
-10001011111110000000
Convert 958c4 (base 15) to base 3.
220002212111
-12515330 (base 6) to base 16
-653a6
What is 1110020120000 (base 3) in base 13?
210768
What is -110000000001010000 (base 2) in base 16?
-30050
2071615 (base 11) to base 14
6ad48a
What is -168b63b (base 12) in base 10?
-4664783
Convert 3530112 (base 6) to base 9.
307648
-43438 (base 13) to base 12
-5a41a
Convert -240332 (base 13) to base 9.
-1546082
Convert 254ae4 (base 15) to base 9.
3324407
What is 160c67 (base 13) in base 6?
15402032
Convert -3435421 (base 9) to base 10.
-1854190
Convert -4b010 (base 16) to base 7.
-2416450
-22211130 (base 4) to base 16
-a95c
-50405 (base 7) to base 14
-463c
Convert 41243214 (base 6) to base 3.
2020100110001
-169895 (base 11) to base 15
-52933
What is -22136072 (base 9) in base 12?
-370709b
Convert 101011111000101000100 (base 2) to base 14.
2960ba
3544550 (base 6) to base 16
2d312
Convert 120522313 (base 7) to base 3.
112010010012211
1424544 (base 6) to base 5
10101144
Convert -126226 (base 9) to base 5.
-4423411
Convert 8440 (base 16) to base 2.
1000010001000000
What is -6b319 (base 12) in base 4?
-203020011
What is -1213300232 (base 4) in base 5?
-102100011
Convert -41615472 (base 8) to base 10.
-8854330
Convert 10101011001111011 (base 2) to base 6.
1513523
What is 19a08 (base 16) in base 10?
104968
1000100000000111111 (base 2) to base 8
1040077
Convert -1130655 (base 8) to base 7.
-2420610
Convert 12350777 (base 9) to base 12.
2040a74
Convert -12265 (base 7) to base 3.
-11102201
What is 1159a4 (base 11) in base 16?
2ccfe
What is 11010021110220 (base 3) in base 2?
1000010110101110111000
-65a024 (base 11) to base 9
-1874210
Convert -468a84 (base 12) to base 7.
-12435232
Convert 1140305 (base 6) to base 8.
164521
13101334 (base 5) to base 13
46558
What is 110330313100 (base 4) in base 16?
53cdd0
Convert 144309a (base 11) to base 7.
30031514
-30c4 (base 15) to base 7
-42025
4259 (base 15) to base 12
8156
-8601388 (base 10) to base 3
-121011222212221
Convert -517592 (base 10) to base 12.
-20b648
25625025 (base 8) to base 13
125012a
1124405 (base 6) to base 10
58037
What is -100010110100010101001 (base 2) in base 8?
-4264251
138617 (base 13) to base 5
110204321
Convert -a2e5c (base 16) to base 4.
-2202321130
Convert 101000000011011111101 (base 2) to base 4.
11000123331
Convert -3127 (base 12) to base 2.
-1010011101111
3411031 (base 6) to base 4
222020323
What is 571341 (base 11) in base 16?
de0a9
-12bc1 (base 13) to base 14
-ca5d
Convert -116343 (base 9) to base 5.
-4222031
Convert 7742 (base 12) to base 7.
53231
-1543b8 (base 16) to base 3
-2121210122112
Convert 9315c (base 14) to base 12.
151012
-11c52 (base 16) to base 15
-16876
Convert -22222011 (base 3) to base 7.
-25030
Convert -1bd30 (base 14) to base 8.
-213026
What is 104b2b (base 14) in base 15?
ad3d0
21604110 (base 9) to base 16
9f8697
What is -52a56 (base 12) in base 2?
-11010100001100010
What is 130301341 (base 7) in base 8?
37470242
What is 11330320 (base 4) in base 13?
b131
Convert -11102002330 (base 4) to base 8.
-5220274
Convert -123250550 (base 6) to base 15.
-326933
What is 9c4da (base 14) in base 4?
1130230000
2884089 (base 10) to base 9
5375203
Convert 2616819 (base 10) to base 8.
11766763
What is 2771089 (base 10) in base 11?
1622a62
What is -24003115 (base 6) in base 15?
-eb5cb
What is 1302201321 (base 4) in base 9?
784446
What is 2102211022200 (base 3) in base 14?
25a279
3200034 (base 5) to base 11
36a23
-215320462 (base 7) to base 13
-290095c
110100111010011 (base 2) to base 12
13817
What is 3232534 (base 6) in base 9?
263474
17541 (base 9) to base 16
2f4a
-26e9d9 (base 15) to base 7
-21624444
4311214120 (base 5) to base 9
18077008
-d428 (base 15) to base 3
-2021110202
What is 20212002020220 (base 3) in base 12?
1278273
What is -338814 (base 9) in base 8?
-615073
Convert -99629 (base 13) to base 6.
-5542235
Convert 14377577 (base 8) to base 11.
19388a2
Convert 38135 (base 9) to base 2.
110010000011100
Convert 567325 (base 10) to base 12.
234391
Convert -441908 (base 10) to base 15.
-8ae08
-3d1e77 (base 16) to base 10
-4005495
Convert -1000000110001010001111000 (base 2) to base 14.
-237d9c4
What is -123445 (base 6) in base 10?
-11189
294186 (base 10) to base 8
1076452
Convert 148473 (base 12) to base 14.
90291
Convert -61870 (base 11) to base 16.
-1606e
Convert -212200122211 (base 3) to base 7.
-3651340
What is 24748 (base 9) in base 11?
11566
-3043442 (base 5) to base 15
-eb9c
Convert -129610 (base 12) to base 4.
-1022320230
What is -1740789 (base 12) in base 5?
-2212434430
What is 100536 (base 7) in base 11?
11917
Convert 7201730 (base 8) to base 3.
10120121101222
Convert 11222399 (base 10) to base 12.
391253b
-7404003 (base 8) to base 3
-10200222202202
6689a (base 14) to base 2
111100101101011000
What is -26acd (